s of 1387236?
2, 3, 115603
What are the prime factors of 168476?
2, 7, 11, 547
List the prime factors of 3948828.
2, 3, 13, 17, 1489
What are the prime factors of 18058717?
18058717
List the prime factors of 752686.
2, 11, 34213
List the prime factors of 425163.
3, 19, 7459
What are the prime factors of 241498?
2, 120749
What are the prime factors of 261761?
261761
What are the prime factors of 171716?
2, 42929
List the prime factors of 182903.
7, 17, 29, 53
What are the prime factors of 361620?
2, 3, 5, 7, 41
What are the prime factors of 11555759?
1319, 8761
What are the prime factors of 16898237?
887, 19051
What are the prime factors of 9058321?
1931, 4691
List the prime factors of 17652373.
17652373
List the prime factors of 686056.
2, 7, 12251
What are the prime factors of 10519533?
3, 23, 89, 571
List the prime factors of 206741.
29, 7129
What are the prime factors of 5757914?
2, 2878957
What are the prime factors of 1152800?
2, 5, 11, 131
List the prime factors of 14687885.
5, 61, 48157
List the prime factors of 5925465.
3, 5, 7, 13, 1447
List the prime factors of 1293776.
2, 11, 7351
What are the prime factors of 17331557?
823, 21059
List the prime factors of 153688.
2, 19211
List the prime factors of 189640.
2, 5, 11, 431
What are the prime factors of 162203?
19, 8537
List the prime factors of 14768612.
2, 1847, 1999
List the prime factors of 229169.
101, 2269
List the prime factors of 8097.
3, 2699
List the prime factors of 5451514.
2, 503, 5419
What are the prime factors of 18396684?
2, 3, 511019
List the prime factors of 2631437.
2631437
List the prime factors of 2415344.
2, 150959
List the prime factors of 28986649.
17, 1705097
What are the prime factors of 10236115?
5, 179, 11437
What are the prime factors of 15034577?
41, 366697
List the prime factors of 719929.
7, 19, 5413
What are the prime factors of 97316?
2, 24329
What are the prime factors of 22014?
2, 3, 1223
What are the prime factors of 98960?
2, 5, 1237
What are the prime factors of 1030718?
2, 13, 29, 1367
List the prime factors of 337285.
5, 13, 5189
What are the prime factors of 281879?
13, 21683
What are the prime factors of 223655?
5, 41, 1091
What are the prime factors of 1945197?
3, 216133
List the prime factors of 8609697.
3, 956633
List the prime factors of 2558986.
2, 1279493
List the prime factors of 6732455.
5, 1346491
What are the prime factors of 963148?
2, 19, 23, 29
List the prime factors of 3605794.
2, 1802897
What are the prime factors of 201136?
2, 13, 967
What are the prime factors of 20557?
61, 337
List the prime factors of 6380075.
5, 13, 67, 293
What are the prime factors of 74177?
74177
List the prime factors of 3620955.
3, 5, 13, 31, 599
List the prime factors of 277966.
2, 13, 10691
List the prime factors of 1814388.
2, 3, 47, 3217
What are the prime factors of 790991?
790991
What are the prime factors of 72606?
2, 3, 12101
What are the prime factors of 233621?
233621
List the prime factors of 32048577.
3, 11, 127, 2549
What are the prime factors of 1955252?
2, 13, 19, 1979
List the prime factors of 10128448.
2, 11, 14387
What are the prime factors of 11422872?
2, 3, 59, 2689
What are the prime factors of 444417?
3, 148139
What are the prime factors of 1429930?
2, 5, 142993
What are the prime factors of 614079?
3, 31, 71
List the prime factors of 128582.
2, 239, 269
What are the prime factors of 701186?
2, 350593
What are the prime factors of 5020739?
23, 9491
What are the prime factors of 13697556?
2, 3, 19, 60077
List the prime factors of 8693905.
5, 11, 158071
List the prime factors of 561257.
101, 5557
List the prime factors of 10200961.
443, 23027
What are the prime factors of 31998?
2, 3, 5333
What are the prime factors of 895818?
2, 3, 7, 11, 277
List the prime factors of 340721.
29, 31, 379
List the prime factors of 5430172.
2, 11, 167, 739
List the prime factors of 248559.
3, 29, 2857
What are the prime factors of 9927720?
2, 3, 5, 11, 23, 109
What are the prime factors of 13300019?
19, 700001
What are the prime factors of 2920835?
5, 584167
List the prime factors of 1428802.
2, 769, 929
What are the prime factors of 355235?
5, 23, 3089
List the prime factors of 3524230.
2, 5, 352423
List the prime factors of 5473888.
2, 7, 3491
List the prime factors of 87094.
2, 7, 6221
List the prime factors of 135626.
2, 17, 3989
What are the prime factors of 864026?
2, 29, 14897
List the prime factors of 636850.
2, 5, 47, 271
List the prime factors of 182910.
2, 3, 5, 7, 13, 67
What are the prime factors of 568784?
2, 19, 1871
What are the prime factors of 2203353?
3, 17, 14401
List the prime factors of 69803.
29, 83
List the prime factors of 445553.
17, 26209
List the prime factors of 55752.
2, 3, 23, 101
What are the prime factors of 117181?
17, 61, 113
List the prime factors of 2138966.
2, 571, 1873
What are the prime factors of 515042?
2, 11, 41, 571
List the prime factors of 1356298.
2, 269, 2521
List the prime factors of 101935.
5, 19, 29, 37
What are the prime factors of 862412?
2, 149, 1447
What are the prime factors of 5423443?
5423443
List the prime factors of 13343755.
5, 307, 8693
What are the prime factors of 1440216?
2, 3, 83, 241
What are the prime factors of 2403610?
2, 5, 11, 21851
List the prime factors of 11028920.
2, 5, 7, 17, 331
What are the prime factors of 1061?
1061
List the prime factors of 4640282.
2, 89, 131, 199
What are the prime factors of 49017?
3, 16339
List the prime factors of 551667.
3, 17, 29, 373
What are the prime factors of 1485551?
31, 173, 277
What are the prime factors of 2070259?
19, 108961
What are the prime factors of 2353043?
7, 11, 30559
What are the prime factors of 1695076?
2, 423769
List the prime factors of 29163206.
2, 14581603
What are the prime factors of 68071?
68071
What are the prime factors of 1442513?
1442513
List the prime factors of 216293.
7, 11, 53
What are the prime factors of 10105602?
2, 3, 13, 23, 43, 131
List the prime factors of 265027.
7, 37861
What are the prime factors of 296390?
2, 5, 107, 277
What are the prime factors of 28086252?
2, 3, 2340521
What are the prime factors of 156502?
2, 17, 4603
List the prime factors of 329369.
71, 4639
List the prime factors of 9234489.
3, 11, 233, 1201
List the prime factors of 9626024.
2, 67, 17959
List the prime factors of 1920559.
37, 51907
List the prime factors of 541364.
2, 41, 3301
List the prime factors of 357185.
5, 71437
What are the prime factors of 689494?
2, 13, 23, 1153
List the prime factors of 2222909.
13, 101, 1693
List the prime factors of 163172.
2, 19, 113
List the prime factors of 2609528.
2, 79, 4129
List the prime factors of 2310317.
17, 37, 3673
List the prime factors of 1388122.
2, 694061
What are the prime factors of 132701?
132701
What are the prime factors of 18407427?
3, 163, 37643
List the prime factors of 902559.
3, 7, 42979
What are the prime factors of 342912?
2, 3, 19, 47
List the prime factors of 3728864.
2, 19, 6133
What are the prime factors of 696121?
83, 8387
List the prime factors of 144823.
7, 17, 1217
What are the prime factors of 99133?
99133
List the prime factors of 3661555.
5, 732311
What are the prime factors of 3576705?
3, 5, 11, 53, 409
List the prime factors of 221015.
5, 44203
What are the prime factors of 12904571?
79, 379, 431
List the prime factors of 57125.
5, 457
What are the prime factors of 197071?
7, 47, 599
List the prime factors of 33698.
2, 7, 29, 83
What are the prime factors of 639289?
7, 271, 337
What are the prime factors of 595284?
2, 3, 113, 439
List the prime factors of 310968.
2, 3, 7, 617
What are the prime factors of 1593059?
13, 31, 59, 67
List the prime factors of 5980082.
2, 2990041
What are the prime factors of 952982?
2, 23, 20717
List the prime factors of 133425.
3, 5, 593
What are the prime factors of 506266?
2, 253133
List the prime factors of 46952.
2, 5869
List the prime factors of 7259721.
3, 7, 345701
What are the prime factors of 30234?
2, 3, 5039
List the prime factors of 41809341.
3, 7, 17, 83
What are the prime factors of 84313?
84313
What are the prime factors of 8778157?
23, 381659
What are the prime factors of 12860758?
2, 19, 107, 3163
List the prime factors of 911988.
2, 3, 7, 11, 47
What are the prime factors of 5955058?
2, 2977529
List the